 + 1c5c?
4c5a
In base 3, what is 200210201 + -21022101?
102111100
In base 16, what is 11 - 13a9c7?
-13a9b6
In base 16, what is -732ddf + 2?
-732ddd
In base 12, what is -a48a + -3641?
-11b0b
In base 9, what is 7715672 + 4?
7715676
In base 9, what is -1441558 + 1607?
-1438851
In base 11, what is a03875 + 7?
a03881
In base 3, what is 1012110 - -10011000021?
10012012201
In base 9, what is 130286 + 7?
130304
In base 6, what is -503220 - 121?
-503341
In base 3, what is -1 + 120021212012121?
120021212012120
In base 15, what is -680 + -78b?
-e1b
In base 13, what is -bc + 303a?
2c4b
In base 5, what is 130 - -10212320414?
10212321044
In base 16, what is 7870 + 847?
80b7
In base 4, what is -10 + -1313111231001?
-1313111231011
In base 16, what is 42731b1 + -7?
42731aa
In base 8, what is -761 - 17020?
-20001
In base 4, what is -3 - -13303211231?
13303211222
In base 7, what is 20 - -162143126?
162143146
In base 9, what is 43674133 + 0?
43674133
In base 16, what is 1c - 8da9f?
-8da83
In base 11, what is -2532 - -40?
-24a2
In base 4, what is 101 + -2123111221?
-2123111120
In base 5, what is -2 - -2400014112?
2400014110
In base 8, what is 116036361 + -35?
116036324
In base 16, what is -2074 - -85?
-1fef
In base 5, what is -1032 - -1342040?
1341003
In base 14, what is -3b6d - -55a?
-3613
In base 2, what is 1011000001 + -11001011011011101?
-11001010000011100
In base 10, what is 869 + 29785?
30654
In base 9, what is -33876 - 102?
-34078
In base 7, what is 50401106 + -42?
50401034
In base 10, what is 3503 + -117919?
-114416
In base 2, what is -11100101110000100101110 - -10?
-11100101110000100101100
In base 10, what is 5070 + 15630?
20700
In base 8, what is -4 + -1616521?
-1616525
In base 13, what is 2 + 2a178444?
2a178446
In base 9, what is -8781 + -1000?
-10781
In base 14, what is 26 + 15c67?
15c8d
In base 10, what is 21 - 484024?
-484003
In base 2, what is -1000011110101110010100111 - 100?
-1000011110101110010101011
In base 2, what is 11010101000011010111 - -110?
11010101000011011101
In base 14, what is 14 + -8616cc?
-8616b8
In base 16, what is 40 - 3499?
-3459
In base 13, what is -2 + c2b?
c29
In base 12, what is 52ba8b - -17?
52baa6
In base 10, what is 2 - -39688691?
39688693
In base 10, what is -3048 - 5941?
-8989
In base 9, what is 124 + 1480306?
1480431
In base 7, what is -212560 - 10354?
-223244
In base 5, what is 3 + 10423224042?
10423224100
In base 3, what is 2000200021200200 - 201?
2000200021122222
In base 10, what is -722978 + -192?
-723170
In base 9, what is 4 - -13078647?
13078652
In base 13, what is -172c14 - -31?
-172bb3
In base 9, what is -8 + -126156344?
-126156353
In base 7, what is -14522 + 111230?
63405
In base 6, what is 1050 - 45514525?
-45513435
In base 8, what is 2256564 - -35?
2256621
In base 13, what is -5501 + 4b2?
-501c
In base 4, what is 20212231132303 + 1?
20212231132310
In base 15, what is 1d2509 + 226?
1d2730
In base 9, what is -146 + 180614?
180457
In base 6, what is -5 + 141504335?
141504330
In base 6, what is 21 + -255421015?
-255420554
In base 3, what is 1222 - 22212101221?
-22212022222
In base 12, what is -20 - 1592453?
-1592473
In base 16, what is -6edda + 2c?
-6edae
In base 4, what is -13002 + -10323310?
-11002312
In base 16, what is c14 + 3b?
c4f
In base 4, what is -3121123122 - -22?
-3121123100
In base 14, what is 207062 + b8?
20713a
In base 14, what is 111b8b2 - 4?
111b8ac
In base 7, what is -1154 - 3452021?
-3453205
In base 4, what is 2 + 10001233012221?
10001233012223
In base 12, what is 3b112 + 43?
3b155
In base 4, what is 2013212222230 + 12?
2013212222302
In base 8, what is 70 - -303442?
303532
In base 6, what is 4 - 33325511?
-33325503
In base 10, what is 5109 + -1614?
3495
In base 3, what is -2112100021 - -210001112?
-1202021202
In base 9, what is -74 + 1118327?
1118243
In base 15, what is edd - e15?
c8
In base 5, what is 130322420 + -101?
130322314
In base 12, what is -21b21 + 1025?
-20ab8
In base 3, what is 11 - 2122120021001022?
-2122120021001011
In base 10, what is -500061406 - 1?
-500061407
In base 4, what is -13112022120221 + -11?
-13112022120232
In base 10, what is -54 - -1424563?
1424509
In base 4, what is -2 + 1133112110323?
1133112110321
In base 5, what is -203320134 - 1143?
-203321332
In base 11, what is -1 + -524a7?
-524a8
In base 15, what is 1c1 + 123de5?
1240b6
In base 13, what is 6b80570 + -5?
6b80568
In base 10, what is 1 + 146392?
146393
In base 15, what is -115e10 + 116?
-115ce9
In base 3, what is 100111102221202222 - -2?
100111102221210001
In base 12, what is -224 - 122999?
-123001
In base 9, what is 12 + -273210404?
-273210382
In base 10, what is -271989575 - 0?
-271989575
In base 10, what is 13853291 - -4?
13853295
In base 13, what is 4 + b3cc473?
b3cc477
In base 13, what is 231 + -8744?
-8513
In base 4, what is -1032013 - 12232123?
-13330202
In base 11, what is 4 - 9239892?
-9239889
In base 6, what is -1145 - -3154451?
3153302
In base 3, what is 122212211 - 1210212?
121001222
In base 14, what is -654d - -1967?
-49c6
In base 5, what is -1002040403 - 0?
-1002040403
In base 2, what is -101 + -110000000100101101110001111?
-110000000100101101110010100
In base 8, what is 213267354 + 0?
213267354
In base 8, what is 1 - 34735556?
-34735555
In base 14, what is d85525b + -a?
d855251
In base 7, what is -30345324 + 326?
-30344665
In base 7, what is 60 - -3502434?
3502524
In base 14, what is -18 + 50b4a?
50b32
In base 15, what is 3 + -43ec5b?
-43ec58
In base 7, what is 2304 + -254032?
-251425
In base 3, what is -10112002022 + 102112011?
-10002120011
In base 16, what is 3 + 3bd6a28?
3bd6a2b
In base 9, what is -31605 + 11612?
-18883
In base 6, what is 30240214 - -2345?
30243003
In base 15, what is 2 + -20710?
-2070d
In base 10, what is 22726330 - 2?
22726328
In base 13, what is -8 + 3506051?
3506046
In base 7, what is -24404665635 + -1?
-24404665636
In base 14, what is -1 + 7c93d?
7c93c
In base 14, what is -4 - 8840d1?
-8840d5
In base 14, what is d9d + 42d4?
5293
In base 5, what is 12402 + -2420031?
-2402124
In base 4, what is 1213212231 - 3232?
1213202333
In base 6, what is 30344250 - 0?
30344250
In base 9, what is -3381 - 18473?
-22864
In base 3, what is 1200212112012211 - 110?
1200212112012101
In base 13, what is -291955 + a?
-291948
In base 10, what is -2132821 + 23?
-2132798
In base 11, what is -362 + -17908?
-1816a
In base 15, what is 5 - 5909cdc?
-5909cd7
In base 16, what is -48 - 86ae8?
-86b30
In base 9, what is -204226776 - -4?
-204226772
In base 12, what is 6 - -a843296?
a8432a0
In base 5, what is -3044403 + -33?
-3044441
In base 6, what is 5455310 - -4?
5455314
In base 8, what is 21227140 - -32?
21227172
In base 6, what is 10 + 531020312?
531020322
In base 9, what is -4 + 30835583?
30835578
In base 4, what is 11310221 + -20012320?
-2102033
In base 10, what is 6 + 477327?
477333
In base 7, what is 10201 - -4332001?
4342202
In base 14, what is 86020c + -36?
8601b6
In base 10, what is -8803496 - 2?
-8803498
In base 7, what is 31456512 - -6?
31456521
In base 12, what is 1 - 56a250?
-56a24b
In base 8, what is -45624661 - -3?
-45624656
In base 9, what is 2115 - 14436?
-12321
In base 3, what is -10 + 1020021011120222?
1020021011120212
In base 3, what is 1 - 220201221111?
-220201221110
In base 2, what is -101011011 + 110001010011?
101011111000
In base 7, what is -45026 + 320?
-44406
In base 3, what is -200212211022 - -112?
-200212210210
In base 14, what is -15003 - -18a4?
-1353d
In base 14, what is cab413a + 2?
cab413c
In base 15, what is -5 + -14e6502?
-14e6507
In base 6, what is 5234011 + 55?
5234110
In base 10, what is 13 - 702332?
-702319
In base 10, what is -1317318 - 4?
-1317322
In base 15, what is -2b1eba + 2?
-2b1eb8
In base 12, what is -5259420 + -4?
-5259424
In base 5, what is 10 + -1002043102?
-1002043042
In base 15, what is 3 - -b72d?
b731
In base 5, what is 3 + -1423122033?
-1423122030
In base 9, what is 13 - 4401884?
-4401871
In base 3, what is 21202220221 + -200112?
21202020102
In base 6, what is -12334 - 20055?
-32433
In base 9, what is 3038 - 24006?
-20857
In base 6, what is -11 - 112020010?
-112020021
In base 2, what is -11110001010100101001111110001 + 10?
-11110001010100101001111101111
In base 5, what is -100300343142 + -4?
-100300343201
In base 9, what is 5 + -62656221?
-62656215
I